e?
True
Is 50868469 a composite number?
True
Is 466121 prime?
True
Is 83475617 prime?
True
Is 435371 a composite number?
False
Is 87893681 a prime number?
True
Is 241567019 a composite number?
True
Is 97439453 a prime number?
True
Is 235289 prime?
True
Is 109321259 prime?
True
Is 535273 composite?
False
Is 7961441 a composite number?
False
Is 10842077 composite?
False
Is 309552851 prime?
True
Is 9982015 a prime number?
False
Is 13096921 prime?
True
Is 455383 composite?
True
Is 7282663 a composite number?
True
Is 180421 a composite number?
True
Is 92082373 composite?
True
Is 188808967 composite?
False
Is 21785399 a composite number?
True
Is 214186979 composite?
False
Is 50623541 prime?
True
Is 181642159 composite?
True
Is 259746121 prime?
False
Is 1786229 prime?
True
Is 582627011 composite?
False
Is 957065 prime?
False
Is 52954229 a prime number?
True
Is 307289533 a prime number?
True
Is 7365871 composite?
False
Is 639887 composite?
True
Is 26629937 prime?
False
Is 270552983 prime?
True
Is 1606484677 prime?
False
Is 670541 a composite number?
False
Is 190599703 a prime number?
False
Is 149908489 composite?
False
Is 716869 composite?
False
Is 15541843 a prime number?
True
Is 81179069 a prime number?
True
Is 2193637 prime?
True
Is 301064729 composite?
True
Is 9160529 composite?
True
Is 29274859 a composite number?
True
Is 51919661 prime?
True
Is 7264771 a composite number?
True
Is 395786399 a composite number?
False
Is 69596387 a prime number?
False
Is 1899253 prime?
True
Is 756961 a prime number?
True
Is 3432857 composite?
False
Is 5208617 prime?
True
Is 42185131 a prime number?
False
Is 12775973 a composite number?
True
Is 53558611 prime?
True
Is 71310691 a prime number?
False
Is 17101859 prime?
True
Is 755233 a prime number?
True
Is 27650693 composite?
True
Is 180431539 a composite number?
False
Is 225377503 composite?
True
Is 17641865 a composite number?
True
Is 57799723 composite?
False
Is 181499 a composite number?
False
Is 12173299 a composite number?
False
Is 74646097 prime?
True
Is 30587939 a prime number?
True
Is 222335635 a composite number?
True
Is 14945269 composite?
True
Is 51315841 a prime number?
True
Is 13183693 a prime number?
True
Is 303516121 composite?
False
Is 520943 a composite number?
False
Is 30663629 prime?
True
Is 4390181 a prime number?
True
Is 80642377 a prime number?
False
Is 2747263 composite?
False
Is 4008809 a prime number?
False
Is 2738733 a prime number?
False
Is 1920169 composite?
True
Is 1830397 a composite number?
True
Is 20407397 a composite number?
False
Is 5691709 prime?
True
Is 4312829 a composite number?
True
Is 58809623 a composite number?
False
Is 20271437 composite?
True
Is 124216049 a prime number?
True
Is 1736149 prime?
True
Is 244907 a composite number?
True
Is 279353 a composite number?
False
Is 10474553 a prime number?
True
Is 31361591 a composite number?
False
Is 11574691 prime?
True
Is 2809363 prime?
True
Is 550243 composite?
True
Is 2590979 a composite number?
False
Is 12930161 composite?
False
Is 1460593 a composite number?
False
Is 44112097 prime?
True
Is 478111 prime?
True
Is 134479 prime?
False
Is 92029357 prime?
False
Is 185278 a composite number?
True
Is 4874249 prime?
True
Is 5314301 a prime number?
True
Is 232621 prime?
True
Is 98240047 a prime number?
False
Is 766794857 a composite number?
True
Is 588187 prime?
False
Is 30666871 composite?
False
Is 6609761 a composite number?
False
Is 739 prime?
True
Is 223184251 prime?
True
Is 36501293 prime?
True
Is 180393223 composite?
False
Is 5924683 a composite number?
False
Is 223798559 composite?
True
Is 17655643 prime?
False
Is 548827 prime?
True
Is 4972217 prime?
False
Is 14600197 a prime number?
True
Is 986047 a composite number?
False
Is 19987139 a composite number?
True
Is 9945667 prime?
True
Is 108041777 composite?
False
Is 259629901 a composite number?
True
Is 806763 a composite number?
True
Is 60375877 prime?
False
Is 21516581 prime?
False
Is 2401171 a prime number?
False
Is 22597691 a prime number?
True
Is 323594699 composite?
False
Is 6819481 a composite number?
False
Is 7714253 composite?
True
Is 216057 composite?
True
Is 295640749 prime?
False
Is 27875723 composite?
False
Is 3225821 prime?
True
Is 196398401 a composite number?
False
Is 3043043 a prime number?
False
Is 19870909 a prime number?
False
Is 50620469 prime?
True
Is 6357261 a composite number?
True
Is 6422558 a composite number?
True
Is 358306393 a composite number?
False
Is 2168190899 a composite number?
True
Is 363070463 prime?
False
Is 4047737 prime?
True
Is 43999 a composite number?
True
Is 1737127 a prime number?
False
Is 5860279 composite?
True
Is 25015937 composite?
False
Is 40153819 a composite number?
True
Is 972159 prime?
False
Is 5892599 a prime number?
True
Is 7362869 a composite number?
True
Is 2966507 prime?
True
Is 9153311 prime?
True
Is 504767 prime?
True
Is 91546907 prime?
True
Is 958409 composite?
True
Is 3434501 prime?
False
Is 10156037 composite?
True
Is 26024123 a prime number?
True
Is 310712279 a prime number?
True
Is 136673617 prime?
True
Is 65048203 composite?
True
Is 665429 prime?
True
Is 1226455 prime?
False
Is 51649523 a prime number?
True
Is 24233117 a composite number?
False
Is 53691727 a prime number?
True
Is 6003381 a composite number?
True
Is 29668739 prime?
False
Is 3183553 prime?
False
Is 686879 composite?
False
Is 19979117 a composite number?
False
Is 1813699 prime?
True
Is 953201 composite?
True
Is 124143023 a composite number?
False
Is 68593651 a prime number?
False
Is 493793 composite?
False
Is 2984647 prime?
False
Is 15506161 a composite number?
True
Is 898997 a prime number?
False
Is 289230785 a composite number?
True
Is 3403727 a composite number?
True
Is 4778483 a prime number?
True
Is 315323 composite?
True
Is 2722457 a composite number?
False
Is 30525427 a prime number?
False
Is 556541 a prime number?
False
Is 12038781 prime?
False
Is 43563709 a prime number?
False
Is 141257863 composite?
True
Is 32205737 composite?
False
Is 1449509 prime?
True
Is 14396983 a prime number?
True
Is 910849 composite?
False
Is 36534623 a composite number?
True
Is 352567 prime?
False
Is 7733197 a prime number?
True
Is 709162 prime?
False
Is 50903803 a composite number?
False
Is 182124623 prime?
True
Is 1123057 composite?
True
Is 117576131 prime?
False
Is 592547 a composite number?
False
Is 11129863 prime?
True
Is 75336827 prime?
True
Is 28832267 a composite number?
False
Is 4234621 a prime number?
False
Is 4842899 a composite number?
True
Is 740233 prime?
False
Is 78634583 a composite number?
True
Is 548221 a composite number?
False
Is 493433 a composite number?
False
Is 54111773 composite?
False
Is 19047163 prime?
True
Is 124938929 a prime number?
False
Is 32637359 a composite number?
True
Is 15270659 a prime number?
True
Is 954185 prime?
False
Is 475880599 a prime number?
False
Is 1591417 a composite number?
False
Is 181803779 prime?
False
Is 426038063 composite?
True
Is 4502431 composite?
False
Is 881414965 prime?
False
Is 2060521 prime?
False
Is 149473427 prime?
True
Is 12295321 composite?
False
Is 4752113 composite?
False
Is 13757621 prime?
True
Is 38478133 a composite number?
True
Is 7819417 a composite number?
False
Is 3097639 a composite number?
False
Is 13957417 composite?
False
Is 2016653 a composite number?
False
Is 61408339 a prime number?
True
Is 82350629 prime?
True
Is 7543003 composite?
True
Is 761939 prime?
True
Is 269119141 composite?
False
Is 1940469 a composite number?
True
Is 109231283 composite?
True
Is 37950833 prime?
True
Is 3148207 a composite number?
True
Is 7905307 a composite number?
True
Is 3536483 a composite number?
True
Is 16798829 a prime number?
True
Is 325400027 a composite number?
False
Is 136687 a composite number?
True
Is 1071739 prime?
True
Is 106426717 a prime number?
False
Is 853260851 a composite number?
False
Is 451744597 a composite number?
False
Is 283123 a composite number?
True
Is 1393213 prime?
False
Is 24606047 a composite number?
False
Is 350003 a prime number?
True
Is 113373379 a composite number?
True
Is 19962439 composite?
True
Is 482221 prime?
False
Is 25812337 a prime number?
False
Is 14421839 composite?
True
Is 17174207 prime?
True
Is 1085976583 a prime number?
True
Is 15942829 composite?
Tru